{"id":2,"date":"2025-05-26T14:07:35","date_gmt":"2025-05-26T12:07:35","guid":{"rendered":"http:\/\/diro.home.pl\/autoinstalator\/wordpressplugins\/?page_id=2"},"modified":"2025-05-28T12:55:36","modified_gmt":"2025-05-28T10:55:36","slug":"przykladowa-strona","status":"publish","type":"page","link":"http:\/\/diro.pl\/","title":{"rendered":"O firmie"},"content":{"rendered":"\n<p>Firma DIRO Tomasz Bareja powsta\u0142a w 2004 roku.<br><br>G\u0142\u00f3wnym zakresem naszej dzia\u0142alno\u015bci jest tworzenie konstrukcji na potrzeby przemys\u0142u motoryzacyjnego.<\/p>\n\n\n\n<p>Wykonujemy projekty konstrukcji nadwozi samochod\u00f3w osobowych i ci\u0119\u017carowych oraz elementy wyposa\u017cenia pojazd\u00f3w (zderzaki, deski rozdzielcze, podsufitki, panele wewn\u0119trzne s\u0142upk\u00f3w i drzwi oraz wyk\u0142adziny wn\u0119trza) od fazy koncepcyjnej po wprowadzenie gotowego elementu do produkcji. Konstruowane przez nas elementy wykonywane s\u0105 nast\u0119pnie ze stali, aluminium, kompozyt\u00f3w, drewna oraz tworzyw sztucznych.<br><br>Nasze wieloletnie do\u015bwiadczenie (zdobyte r\u00f3wnie\u017c przed otwarciem firmy) pozwala na wykonywanie najbardziej skomplikowanych projekt\u00f3w.<br><br>Wsp\u00f3lnie z naszymi klientami wykonujemy projekty dla takich firm jak:<br>AUDI, BMW, Mercedes, Porsche, VW.<\/p>\n\n\n\n<p>Obecnie nasza firma to o\u015bmiu do\u015bwiadczonych konstruktor\u00f3w wykonuj\u0105cych projekty w naszym biurze w Warszawie oraz u naszych klient\u00f3w. Jednak\u017ce posiadamy szerokie kontakty i w kr\u00f3tkim czasie mo\u017cemy zaoferowa\u0107 nawet zesp\u00f3\u0142 25-30 osobowy.<\/p>\n\n\n\n<figure class=\"wp-block-gallery has-nested-images columns-default is-cropped wp-block-gallery-1 is-layout-flex wp-block-gallery-is-layout-flex\">\n<figure class=\"wp-block-image size-large\"><img fetchpriority=\"high\" decoding=\"async\" width=\"1024\" height=\"888\" data-id=\"32\" src=\"http:\/\/diro.pl\/wp-content\/uploads\/2025\/05\/o_firmie_1-1024x888.jpg\" alt=\"\" class=\"wp-image-32\" srcset=\"http:\/\/diro.pl\/wp-content\/uploads\/2025\/05\/o_firmie_1-1024x888.jpg 1024w, http:\/\/diro.pl\/wp-content\/uploads\/2025\/05\/o_firmie_1-300x260.jpg 300w, http:\/\/diro.pl\/wp-content\/uploads\/2025\/05\/o_firmie_1-768x666.jpg 768w, http:\/\/diro.pl\/wp-content\/uploads\/2025\/05\/o_firmie_1.jpg 1034w\" sizes=\"(max-width: 1024px) 100vw, 1024px\" \/><\/figure>\n\n\n\n<figure class=\"wp-block-image size-large\"><img decoding=\"async\" width=\"974\" height=\"763\" data-id=\"31\" src=\"http:\/\/diro.pl\/wp-content\/uploads\/2025\/05\/o_firmie_2.jpg\" alt=\"\" class=\"wp-image-31\" srcset=\"http:\/\/diro.pl\/wp-content\/uploads\/2025\/05\/o_firmie_2.jpg 974w, http:\/\/diro.pl\/wp-content\/uploads\/2025\/05\/o_firmie_2-300x235.jpg 300w, http:\/\/diro.pl\/wp-content\/uploads\/2025\/05\/o_firmie_2-768x602.jpg 768w\" sizes=\"(max-width: 974px) 100vw, 974px\" \/><\/figure>\n\n\n\n<figure class=\"wp-block-image size-large\"><img decoding=\"async\" width=\"747\" height=\"553\" data-id=\"30\" src=\"http:\/\/diro.pl\/wp-content\/uploads\/2025\/05\/o_firmie_3.jpg\" alt=\"\" class=\"wp-image-30\" srcset=\"http:\/\/diro.pl\/wp-content\/uploads\/2025\/05\/o_firmie_3.jpg 747w, http:\/\/diro.pl\/wp-content\/uploads\/2025\/05\/o_firmie_3-300x222.jpg 300w\" sizes=\"(max-width: 747px) 100vw, 747px\" \/><\/figure>\n<\/figure>\n","protected":false},"excerpt":{"rendered":"<p>Firma DIRO Tomasz Bareja powsta\u0142a w 2004 roku. G\u0142\u00f3wnym zakresem naszej dzia\u0142alno\u015bci jest tworzenie konstrukcji na potrzeby przemys\u0142u motoryzacyjnego. Wykonujemy projekty konstrukcji nadwozi samochod\u00f3w osobowych i ci\u0119\u017carowych oraz elementy wyposa\u017cenia pojazd\u00f3w (zderzaki, deski rozdzielcze, podsufitki, panele wewn\u0119trzne s\u0142upk\u00f3w i drzwi oraz wyk\u0142adziny wn\u0119trza) od fazy koncepcyjnej po wprowadzenie gotowego elementu do produkcji. Konstruowane przez nas &#8230; <a title=\"O firmie\" class=\"read-more\" href=\"http:\/\/diro.pl\/\" aria-label=\"Dowiedz si\u0119 wi\u0119cej o O firmie\">Dowiedz si\u0119 wi\u0119cej<\/a><\/p>\n","protected":false},"author":1,"featured_media":0,"parent":0,"menu_order":0,"comment_status":"closed","ping_status":"open","template":"","meta":{"footnotes":""},"class_list":["post-2","page","type-page","status-publish"],"yoast_head":"<!-- This site is optimized with the Yoast SEO plugin v27.2 - https:\/\/yoast.com\/product\/yoast-seo-wordpress\/ -->\n<title>O firmie - DIRO - Tomasz Bareja<\/title>\n<meta name=\"robots\" content=\"index, follow, max-snippet:-1, max-image-preview:large, max-video-preview:-1\" \/>\n<link rel=\"canonical\" href=\"http:\/\/diro.pl\/\" \/>\n<meta property=\"og:locale\" content=\"pl_PL\" \/>\n<meta property=\"og:type\" content=\"article\" \/>\n<meta property=\"og:title\" content=\"O firmie - DIRO - Tomasz Bareja\" \/>\n<meta property=\"og:description\" content=\"Firma DIRO Tomasz Bareja powsta\u0142a w 2004 roku. G\u0142\u00f3wnym zakresem naszej dzia\u0142alno\u015bci jest tworzenie konstrukcji na potrzeby przemys\u0142u motoryzacyjnego. Wykonujemy projekty konstrukcji nadwozi samochod\u00f3w osobowych i ci\u0119\u017carowych oraz elementy wyposa\u017cenia pojazd\u00f3w (zderzaki, deski rozdzielcze, podsufitki, panele wewn\u0119trzne s\u0142upk\u00f3w i drzwi oraz wyk\u0142adziny wn\u0119trza) od fazy koncepcyjnej po wprowadzenie gotowego elementu do produkcji. Konstruowane przez nas ... Dowiedz si\u0119 wi\u0119cej\" \/>\n<meta property=\"og:url\" content=\"http:\/\/diro.pl\/\" \/>\n<meta property=\"og:site_name\" content=\"DIRO - Tomasz Bareja\" \/>\n<meta property=\"article:modified_time\" content=\"2025-05-28T10:55:36+00:00\" \/>\n<meta property=\"og:image\" content=\"http:\/\/diro.pl\/wp-content\/uploads\/2025\/05\/o_firmie_1-1024x888.jpg\" \/>\n<meta name=\"twitter:card\" content=\"summary_large_image\" \/>\n<meta name=\"twitter:label1\" content=\"Szacowany czas czytania\" \/>\n\t<meta name=\"twitter:data1\" content=\"2 minuty\" \/>\n<script type=\"application\/ld+json\" class=\"yoast-schema-graph\">{\"@context\":\"https:\/\/schema.org\",\"@graph\":[{\"@type\":\"WebPage\",\"@id\":\"http:\/\/diro.pl\/\",\"url\":\"http:\/\/diro.pl\/\",\"name\":\"O firmie - DIRO - Tomasz Bareja\",\"isPartOf\":{\"@id\":\"http:\/\/diro.pl\/#website\"},\"primaryImageOfPage\":{\"@id\":\"http:\/\/diro.pl\/#primaryimage\"},\"image\":{\"@id\":\"http:\/\/diro.pl\/#primaryimage\"},\"thumbnailUrl\":\"http:\/\/diro.pl\/wp-content\/uploads\/2025\/05\/o_firmie_1-1024x888.jpg\",\"datePublished\":\"2025-05-26T12:07:35+00:00\",\"dateModified\":\"2025-05-28T10:55:36+00:00\",\"breadcrumb\":{\"@id\":\"http:\/\/diro.pl\/#breadcrumb\"},\"inLanguage\":\"pl-PL\",\"potentialAction\":[{\"@type\":\"ReadAction\",\"target\":[\"http:\/\/diro.pl\/\"]}]},{\"@type\":\"ImageObject\",\"inLanguage\":\"pl-PL\",\"@id\":\"http:\/\/diro.pl\/#primaryimage\",\"url\":\"http:\/\/diro.pl\/wp-content\/uploads\/2025\/05\/o_firmie_1.jpg\",\"contentUrl\":\"http:\/\/diro.pl\/wp-content\/uploads\/2025\/05\/o_firmie_1.jpg\",\"width\":1034,\"height\":897},{\"@type\":\"BreadcrumbList\",\"@id\":\"http:\/\/diro.pl\/#breadcrumb\",\"itemListElement\":[{\"@type\":\"ListItem\",\"position\":1,\"name\":\"Home\",\"item\":\"http:\/\/diro.pl\/\"},{\"@type\":\"ListItem\",\"position\":2,\"name\":\"O firmie\"}]},{\"@type\":\"WebSite\",\"@id\":\"http:\/\/diro.pl\/#website\",\"url\":\"http:\/\/diro.pl\/\",\"name\":\"DIRO - Tomasz Bareja\",\"description\":\"\",\"publisher\":{\"@id\":\"http:\/\/diro.pl\/#organization\"},\"potentialAction\":[{\"@type\":\"SearchAction\",\"target\":{\"@type\":\"EntryPoint\",\"urlTemplate\":\"http:\/\/diro.pl\/?s={search_term_string}\"},\"query-input\":{\"@type\":\"PropertyValueSpecification\",\"valueRequired\":true,\"valueName\":\"search_term_string\"}}],\"inLanguage\":\"pl-PL\"},{\"@type\":\"Organization\",\"@id\":\"http:\/\/diro.pl\/#organization\",\"name\":\"DIRO - Tomasz Bareja\",\"url\":\"http:\/\/diro.pl\/\",\"logo\":{\"@type\":\"ImageObject\",\"inLanguage\":\"pl-PL\",\"@id\":\"http:\/\/diro.pl\/#\/schema\/logo\/image\/\",\"url\":\"http:\/\/diro.pl\/wp-content\/uploads\/2025\/05\/cropped-logo.png\",\"contentUrl\":\"http:\/\/diro.pl\/wp-content\/uploads\/2025\/05\/cropped-logo.png\",\"width\":184,\"height\":100,\"caption\":\"DIRO - Tomasz Bareja\"},\"image\":{\"@id\":\"http:\/\/diro.pl\/#\/schema\/logo\/image\/\"}}]}<\/script>\n<!-- \/ Yoast SEO plugin. -->","yoast_head_json":{"title":"O firmie - DIRO - Tomasz Bareja","robots":{"index":"index","follow":"follow","max-snippet":"max-snippet:-1","max-image-preview":"max-image-preview:large","max-video-preview":"max-video-preview:-1"},"canonical":"http:\/\/diro.pl\/","og_locale":"pl_PL","og_type":"article","og_title":"O firmie - DIRO - Tomasz Bareja","og_description":"Firma DIRO Tomasz Bareja powsta\u0142a w 2004 roku. G\u0142\u00f3wnym zakresem naszej dzia\u0142alno\u015bci jest tworzenie konstrukcji na potrzeby przemys\u0142u motoryzacyjnego. Wykonujemy projekty konstrukcji nadwozi samochod\u00f3w osobowych i ci\u0119\u017carowych oraz elementy wyposa\u017cenia pojazd\u00f3w (zderzaki, deski rozdzielcze, podsufitki, panele wewn\u0119trzne s\u0142upk\u00f3w i drzwi oraz wyk\u0142adziny wn\u0119trza) od fazy koncepcyjnej po wprowadzenie gotowego elementu do produkcji. Konstruowane przez nas ... Dowiedz si\u0119 wi\u0119cej","og_url":"http:\/\/diro.pl\/","og_site_name":"DIRO - Tomasz Bareja","article_modified_time":"2025-05-28T10:55:36+00:00","og_image":[{"url":"http:\/\/diro.pl\/wp-content\/uploads\/2025\/05\/o_firmie_1-1024x888.jpg","type":"","width":"","height":""}],"twitter_card":"summary_large_image","twitter_misc":{"Szacowany czas czytania":"2 minuty"},"schema":{"@context":"https:\/\/schema.org","@graph":[{"@type":"WebPage","@id":"http:\/\/diro.pl\/","url":"http:\/\/diro.pl\/","name":"O firmie - DIRO - Tomasz Bareja","isPartOf":{"@id":"http:\/\/diro.pl\/#website"},"primaryImageOfPage":{"@id":"http:\/\/diro.pl\/#primaryimage"},"image":{"@id":"http:\/\/diro.pl\/#primaryimage"},"thumbnailUrl":"http:\/\/diro.pl\/wp-content\/uploads\/2025\/05\/o_firmie_1-1024x888.jpg","datePublished":"2025-05-26T12:07:35+00:00","dateModified":"2025-05-28T10:55:36+00:00","breadcrumb":{"@id":"http:\/\/diro.pl\/#breadcrumb"},"inLanguage":"pl-PL","potentialAction":[{"@type":"ReadAction","target":["http:\/\/diro.pl\/"]}]},{"@type":"ImageObject","inLanguage":"pl-PL","@id":"http:\/\/diro.pl\/#primaryimage","url":"http:\/\/diro.pl\/wp-content\/uploads\/2025\/05\/o_firmie_1.jpg","contentUrl":"http:\/\/diro.pl\/wp-content\/uploads\/2025\/05\/o_firmie_1.jpg","width":1034,"height":897},{"@type":"BreadcrumbList","@id":"http:\/\/diro.pl\/#breadcrumb","itemListElement":[{"@type":"ListItem","position":1,"name":"Home","item":"http:\/\/diro.pl\/"},{"@type":"ListItem","position":2,"name":"O firmie"}]},{"@type":"WebSite","@id":"http:\/\/diro.pl\/#website","url":"http:\/\/diro.pl\/","name":"DIRO - Tomasz Bareja","description":"","publisher":{"@id":"http:\/\/diro.pl\/#organization"},"potentialAction":[{"@type":"SearchAction","target":{"@type":"EntryPoint","urlTemplate":"http:\/\/diro.pl\/?s={search_term_string}"},"query-input":{"@type":"PropertyValueSpecification","valueRequired":true,"valueName":"search_term_string"}}],"inLanguage":"pl-PL"},{"@type":"Organization","@id":"http:\/\/diro.pl\/#organization","name":"DIRO - Tomasz Bareja","url":"http:\/\/diro.pl\/","logo":{"@type":"ImageObject","inLanguage":"pl-PL","@id":"http:\/\/diro.pl\/#\/schema\/logo\/image\/","url":"http:\/\/diro.pl\/wp-content\/uploads\/2025\/05\/cropped-logo.png","contentUrl":"http:\/\/diro.pl\/wp-content\/uploads\/2025\/05\/cropped-logo.png","width":184,"height":100,"caption":"DIRO - Tomasz Bareja"},"image":{"@id":"http:\/\/diro.pl\/#\/schema\/logo\/image\/"}}]}},"_links":{"self":[{"href":"http:\/\/diro.pl\/index.php\/wp-json\/wp\/v2\/pages\/2","targetHints":{"allow":["GET"]}}],"collection":[{"href":"http:\/\/diro.pl\/index.php\/wp-json\/wp\/v2\/pages"}],"about":[{"href":"http:\/\/diro.pl\/index.php\/wp-json\/wp\/v2\/types\/page"}],"author":[{"embeddable":true,"href":"http:\/\/diro.pl\/index.php\/wp-json\/wp\/v2\/users\/1"}],"replies":[{"embeddable":true,"href":"http:\/\/diro.pl\/index.php\/wp-json\/wp\/v2\/comments?post=2"}],"version-history":[{"count":1,"href":"http:\/\/diro.pl\/index.php\/wp-json\/wp\/v2\/pages\/2\/revisions"}],"predecessor-version":[{"id":33,"href":"http:\/\/diro.pl\/index.php\/wp-json\/wp\/v2\/pages\/2\/revisions\/33"}],"wp:attachment":[{"href":"http:\/\/diro.pl\/index.php\/wp-json\/wp\/v2\/media?parent=2"}],"curies":[{"name":"wp","href":"https:\/\/api.w.org\/{rel}","templated":true}]}}